{"id":19,"date":"2014-11-04T22:25:42","date_gmt":"2014-11-04T21:25:42","guid":{"rendered":"http:\/\/ferienhaeuser-schoenhart.at\/index.php\/ueber-das-ferienhaus-schoenhart\/"},"modified":"2021-01-24T08:36:29","modified_gmt":"2021-01-24T07:36:29","slug":"ueber-das-ferienhaus-schoenhart","status":"publish","type":"page","link":"https:\/\/ferienhaeuser-schoenhart.at\/index.php\/ueber-das-ferienhaus-schoenhart\/","title":{"rendered":"\u00dcber das Ferienhaus Sch\u00f6nhart&#8230;"},"content":{"rendered":"<h2><em>Erleben und Genie\u00dfen!<\/em><\/h2>\n<p style=\"text-align: justify;\"><em>Das Ferienhaus Sch\u00f6nhart ist ein gepflegtes Ferienhaus und liegt mitten im Wanderparadies der Saualpe, auf 1.050m Seeh\u00f6he. Das Ferienhaus befindet sich auf der n\u00f6rdlichen, sehr sonnigen Seite, hoch \u00fcber dem Lavanttal, im Gemeindegebiet von Wolfsberg mit komplett eingez\u00e4unten Grundst\u00fcck. Ideal f\u00fcr Familien mit Hund. Die K\u00e4rntner Seen sind im Umkreis von 50 km in kurzer Zeit erreichbar. 10 km von der Stadt Wolfsberg entfernt. Nichtraucherhaus Maximal 2 Haustiere erlaubt.<\/em><\/p>\n<p style=\"text-align: justify;\"><em>Das Ferienhaus liegt mitten im Gr\u00fcnen in einer ruhigen, sonnigen Lage, direkt am Waldrand. Ein Gasthof befindet sich in der n\u00e4heren Umgebung.<\/em><\/p>\n<h3 style=\"text-align: justify;\"><em><strong><span style=\"color: #ff6600;\">Neu ab Juni 2020 Gartensauna mit Vorraum!<\/span><\/strong><\/em><\/h3>\n<p style=\"text-align: justify;\"><img loading=\"lazy\" decoding=\"async\" class=\"wp-image-646 alignnone\" src=\"http:\/\/ferienhaeuser-schoenhart.at\/wp-content\/uploads\/20201231_091742-300x225.jpg\" alt=\"\" width=\"456\" height=\"342\" srcset=\"https:\/\/ferienhaeuser-schoenhart.at\/wp-content\/uploads\/20201231_091742-300x225.jpg 300w, https:\/\/ferienhaeuser-schoenhart.at\/wp-content\/uploads\/20201231_091742-768x576.jpg 768w, https:\/\/ferienhaeuser-schoenhart.at\/wp-content\/uploads\/20201231_091742.jpg 1024w\" sizes=\"auto, (max-width: 456px) 100vw, 456px\" \/><\/p>\n<p style=\"text-align: justify;\"><img loading=\"lazy\" decoding=\"async\" class=\"wp-image-591 alignnone\" src=\"http:\/\/ferienhaeuser-schoenhart.at\/wp-content\/uploads\/IMG_7994-300x200.jpg\" alt=\"\" width=\"456\" height=\"304\" srcset=\"https:\/\/ferienhaeuser-schoenhart.at\/wp-content\/uploads\/IMG_7994-300x200.jpg 300w, https:\/\/ferienhaeuser-schoenhart.at\/wp-content\/uploads\/IMG_7994-768x512.jpg 768w, https:\/\/ferienhaeuser-schoenhart.at\/wp-content\/uploads\/IMG_7994.jpg 1024w\" sizes=\"auto, (max-width: 456px) 100vw, 456px\" \/><\/p>\n<p>&nbsp;<\/p>\n","protected":false},"excerpt":{"rendered":"<p>Erleben und Genie\u00dfen! Das Ferienhaus Sch\u00f6nhart ist ein gepflegtes Ferienhaus und liegt mitten im Wanderparadies der Saualpe, auf 1.050m Seeh\u00f6he. Das Ferienhaus befindet sich auf der n\u00f6rdlichen, sehr sonnigen Seite, hoch \u00fcber dem Lavanttal, im Gemeindegebiet von Wolfsberg mit komplett eingez\u00e4unten Grundst\u00fcck. Ideal f\u00fcr Familien mit Hund. Die K\u00e4rntner Seen sind im Umkreis von 50&#8230; <\/p>\n","protected":false},"author":1,"featured_media":0,"parent":0,"menu_order":0,"comment_status":"closed","ping_status":"closed","template":"","meta":{"footnotes":""},"class_list":["post-19","page","type-page","status-publish","hentry"],"_links":{"self":[{"href":"https:\/\/ferienhaeuser-schoenhart.at\/index.php\/wp-json\/wp\/v2\/pages\/19","targetHints":{"allow":["GET"]}}],"collection":[{"href":"https:\/\/ferienhaeuser-schoenhart.at\/index.php\/wp-json\/wp\/v2\/pages"}],"about":[{"href":"https:\/\/ferienhaeuser-schoenhart.at\/index.php\/wp-json\/wp\/v2\/types\/page"}],"author":[{"embeddable":true,"href":"https:\/\/ferienhaeuser-schoenhart.at\/index.php\/wp-json\/wp\/v2\/users\/1"}],"replies":[{"embeddable":true,"href":"https:\/\/ferienhaeuser-schoenhart.at\/index.php\/wp-json\/wp\/v2\/comments?post=19"}],"version-history":[{"count":20,"href":"https:\/\/ferienhaeuser-schoenhart.at\/index.php\/wp-json\/wp\/v2\/pages\/19\/revisions"}],"predecessor-version":[{"id":713,"href":"https:\/\/ferienhaeuser-schoenhart.at\/index.php\/wp-json\/wp\/v2\/pages\/19\/revisions\/713"}],"wp:attachment":[{"href":"https:\/\/ferienhaeuser-schoenhart.at\/index.php\/wp-json\/wp\/v2\/media?parent=19"}],"curies":[{"name":"wp","href":"https:\/\/api.w.org\/{rel}","templated":true}]}}